he prime factors of 816398?
2, 11, 43, 863
What are the prime factors of 6092144?
2, 349, 1091
List the prime factors of 866648.
2, 127, 853
What are the prime factors of 9594076?
2, 79, 97, 313
What are the prime factors of 12302913?
3, 7, 585853
What are the prime factors of 655319?
7, 179, 523
List the prime factors of 152527.
127, 1201
List the prime factors of 2981752.
2, 372719
What are the prime factors of 1214786?
2, 17, 35729
List the prime factors of 9734973.
3, 19, 233, 733
List the prime factors of 443660.
2, 5, 7, 3169
What are the prime factors of 402307?
402307
List the prime factors of 433925.
5, 17, 1021
What are the prime factors of 225334?
2, 61, 1847
What are the prime factors of 1575567?
3, 7, 89, 281
What are the prime factors of 382120?
2, 5, 41, 233
List the prime factors of 11563422.
2, 3, 13, 148249
List the prime factors of 7759282.
2, 3879641
What are the prime factors of 2394272?
2, 74821
List the prime factors of 69592.
2, 8699
What are the prime factors of 6189590?
2, 5, 11, 56269
What are the prime factors of 100436?
2, 7, 17, 211
What are the prime factors of 28217361?
3, 89, 105683
List the prime factors of 260960.
2, 5, 7, 233
What are the prime factors of 332686?
2, 397, 419
List the prime factors of 5308757.
479, 11083
What are the prime factors of 5778688?
2, 22573
What are the prime factors of 17424662?
2, 23, 73, 5189
What are the prime factors of 3560222?
2, 53, 33587
List the prime factors of 40023178.
2, 13, 929, 1657
What are the prime factors of 576770?
2, 5, 137, 421
List the prime factors of 62592.
2, 3, 163
What are the prime factors of 8758104?
2, 3, 364921
What are the prime factors of 212275?
5, 7, 1213
What are the prime factors of 927473?
71, 13063
List the prime factors of 1330127.
109, 12203
What are the prime factors of 329147?
7, 13, 3617
What are the prime factors of 1911890?
2, 5, 191189
What are the prime factors of 818470?
2, 5, 81847
List the prime factors of 389310.
2, 3, 5, 19, 683
What are the prime factors of 871060?
2, 5, 97, 449
What are the prime factors of 1263175?
5, 50527
What are the prime factors of 1695037?
163, 10399
What are the prime factors of 867200?
2, 5, 271
List the prime factors of 7512856.
2, 13, 29, 47, 53
What are the prime factors of 1528252?
2, 11, 47, 739
List the prime factors of 332961.
3, 41, 2707
List the prime factors of 4213991.
19, 23, 9643
What are the prime factors of 112337?
112337
List the prime factors of 129009.
3, 43003
What are the prime factors of 2170749?
3, 7, 14767
What are the prime factors of 19253054?
2, 1033, 9319
List the prime factors of 566725.
5, 22669
List the prime factors of 8975522.
2, 4487761
What are the prime factors of 603719?
603719
What are the prime factors of 2192868?
2, 3, 60913
What are the prime factors of 136974?
2, 3, 37, 617
List the prime factors of 329942.
2, 199, 829
List the prime factors of 1000983.
3, 23, 89, 163
List the prime factors of 6894739.
19, 71, 269
What are the prime factors of 241411?
73, 3307
List the prime factors of 3407904.
2, 3, 11833
List the prime factors of 5651347.
13, 434719
List the prime factors of 17674558.
2, 11, 803389
List the prime factors of 836691.
3, 151, 1847
List the prime factors of 2469255.
3, 5, 164617
What are the prime factors of 304290?
2, 3, 5, 7, 23
List the prime factors of 3904600.
2, 5, 7, 2789
List the prime factors of 11437912.
2, 383, 3733
What are the prime factors of 475774?
2, 13, 29, 631
List the prime factors of 347724.
2, 3, 13, 743
List the prime factors of 1449315.
3, 5, 7, 43, 107
List the prime factors of 5017249.
157, 31957
List the prime factors of 641795.
5, 7, 11, 1667
What are the prime factors of 999705?
3, 5, 7, 9521
List the prime factors of 2059842.
2, 3, 343307
List the prime factors of 284145.
3, 5, 19, 997
What are the prime factors of 82694?
2, 173, 239
List the prime factors of 2113256.
2, 19, 13903
List the prime factors of 656771.
656771
List the prime factors of 8368820.
2, 5, 29, 47, 307
List the prime factors of 433511.
13, 33347
What are the prime factors of 574827?
3, 11, 17419
List the prime factors of 378553.
7, 41, 1319
What are the prime factors of 219443?
7, 23, 29, 47
List the prime factors of 264793.
264793
What are the prime factors of 30202403?
7, 11, 392239
List the prime factors of 10587687.
3, 11, 320839
What are the prime factors of 6859381?
17, 71, 5683
List the prime factors of 1087934.
2, 543967
What are the prime factors of 179182?
2, 89591
List the prime factors of 5387461.
5387461
List the prime factors of 316887.
3, 53, 1993
What are the prime factors of 8909048?
2, 131, 8501
What are the prime factors of 9615764?
2, 2403941
What are the prime factors of 148750?
2, 5, 7, 17
What are the prime factors of 6982308?
2, 3, 17, 3803
List the prime factors of 242673.
3, 23, 3517
List the prime factors of 751766.
2, 37, 10159
What are the prime factors of 13274611?
7, 23, 41, 2011
What are the prime factors of 4899690?
2, 3, 5, 23, 263
What are the prime factors of 27107139?
3, 1373, 6581
What are the prime factors of 1186650?
2, 3, 5, 293
List the prime factors of 9168222.
2, 3, 7, 19, 11489
What are the prime factors of 3064057?
557, 5501
List the prime factors of 92650.
2, 5, 17, 109
List the prime factors of 25020822.
2, 3, 379, 11003
What are the prime factors of 11358180?
2, 3, 5, 89, 709
List the prime factors of 18394676.
2, 79, 58211
What are the prime factors of 6131393?
6131393
What are the prime factors of 2941665?
3, 5, 196111
What are the prime factors of 2133484?
2, 533371
List the prime factors of 6001763.
6001763
List the prime factors of 99890.
2, 5, 7, 1427
List the prime factors of 681415.
5, 7, 19469
What are the prime factors of 2264885?
5, 7, 163, 397
What are the prime factors of 2499604?
2, 103, 6067
What are the prime factors of 2877575?
5, 31, 47, 79
What are the prime factors of 783268?
2, 195817
What are the prime factors of 7436460?
2, 3, 5, 123941
List the prime factors of 556911.
3, 61879
List the prime factors of 4809989.
269, 17881
List the prime factors of 165621.
3, 55207
What are the prime factors of 115289?
31, 3719
What are the prime factors of 196045?
5, 39209
What are the prime factors of 7008561?
3, 7, 53, 2099
What are the prime factors of 1506125?
5, 12049
List the prime factors of 1850287.
29, 63803
List the prime factors of 89802.
2, 3, 1663
What are the prime factors of 1480740?
2, 3, 5, 23, 29, 37
List the prime factors of 562300.
2, 5, 5623
List the prime factors of 52402.
2, 7, 19, 197
List the prime factors of 16249249.
59, 193, 1427
List the prime factors of 1599660.
2, 3, 5, 8887
List the prime factors of 602526.
2, 3, 137, 733
What are the prime factors of 205629?
3, 68543
What are the prime factors of 217023?
3, 72341
What are the prime factors of 470024?
2, 41, 1433
List the prime factors of 329943.
3, 109, 1009
List the prime factors of 11614791.
3, 17, 53, 4297
List the prime factors of 731635.
5, 131, 1117
List the prime factors of 293674.
2, 146837
What are the prime factors of 330088?
2, 11, 31
What are the prime factors of 22775383?
22775383
List the prime factors of 293940.
2, 3, 5, 23, 71
List the prime factors of 9392361.
3, 11, 43, 6619
What are the prime factors of 9384581?
9384581
What are the prime factors of 14632?
2, 31, 59
List the prime factors of 130416.
2, 3, 11, 13, 19
What are the prime factors of 118737?
3, 79, 167
What are the prime factors of 103446?
2, 3, 7, 821
List the prime factors of 1072523.
251, 4273
List the prime factors of 4298892.
2, 3, 13, 17, 1621
What are the prime factors of 67787?
53, 1279
List the prime factors of 4319684.
2, 241, 4481
What are the prime factors of 1380987?
3, 153443
List the prime factors of 1451746.
2, 193, 3761
What are the prime factors of 8552671?
8552671
What are the prime factors of 17005194?
2, 3, 29, 10859
List the prime factors of 274022.
2, 7, 23, 37
What are the prime factors of 8546291?
13, 17, 38671
List the prime factors of 11539359.
3, 13, 98627
What are the prime factors of 151439?
199, 761
List the prime factors of 545540.
2, 5, 27277
List the prime factors of 604160.
2, 5, 59
List the prime factors of 322566.
2, 3, 37, 1453
List the prime factors of 4716181.
829, 5689
List the pri